{"id":321,"date":"2025-09-27T20:20:47","date_gmt":"2025-09-27T20:20:47","guid":{"rendered":"https:\/\/safeecotour.com.br\/reservas\/?post_type=product&#038;p=321"},"modified":"2025-10-03T17:00:17","modified_gmt":"2025-10-03T17:00:17","slug":"trilha-terrestre-do-rio-jaguareguava","status":"publish","type":"product","link":"https:\/\/safeecotour.com.br\/reservas\/produto\/trilha-terrestre-do-rio-jaguareguava\/","title":{"rendered":"Trilha do Rio Jaguareguava"},"content":{"rendered":"<p data-start=\"141\" data-end=\"389\">Uma caminhada encantadora pelas margens do <strong data-start=\"184\" data-end=\"204\">Rio Jaguareguava<\/strong>, com \u00e1guas cristalinas e calmas, em meio \u00e0 <strong data-start=\"248\" data-end=\"277\">Mata Atl\u00e2ntica preservada<\/strong>. O percurso permite a <strong data-start=\"300\" data-end=\"322\">observa\u00e7\u00e3o de aves<\/strong>, a descoberta da mata ciliar e uma imers\u00e3o completa na natureza.<\/p>\n<p data-start=\"391\" data-end=\"644\">Ao longo da trilha, os visitantes podem se refrescar em um <strong data-start=\"450\" data-end=\"468\">ponto de banho<\/strong> e ainda contemplar uma <strong data-start=\"492\" data-end=\"541\">constru\u00e7\u00e3o hist\u00f3rica do antigo porto de areia<\/strong> da regi\u00e3o, tornando o passeio uma experi\u00eancia de aventura, hist\u00f3ria e contato direto com a natureza.<\/p>\n<div style=\"display: grid; grid-template-columns: 1fr 1fr; gap: 12px;\">\n<div style=\"background: #f9fafb; padding: 10px; border-radius: 6px;\">\n<h4 style=\"margin: 0 0 6px;\">\ud83d\udccd Informa\u00e7\u00f5es<\/h4>\n<p>Local: Parque Estadual Serra do Mar<br \/>\nExtens\u00e3o: 3 km (ida e volta)<br \/>\nIdade m\u00ednima: 5 anos<br \/>\nDificuldade: F\u00e1cil<\/p>\n<h3 style=\"margin-top: 14px;\">\ud83c\udf92 O que levar<\/h3>\n<ul style=\"padding-left: 20px;\">\n<li>Obrigat\u00f3rio: Cal\u00e7ado fechado<\/li>\n<li>Vestimenta: roupas leves e resistentes<\/li>\n<li>Mochila: \u00e1gua, lanche, repelente, roupa de banho, toalha, blusa, capa de chuva, rem\u00e9dios, celular carregado<\/li>\n<\/ul>\n<\/div>\n<div style=\"background: #f9fafb; padding: 10px; border-radius: 6px;\">\n<h4 style=\"margin: 0 0 6px;\">\u23f0 Hor\u00e1rios<\/h4>\n<p><b>S\u00e1bados<\/b><br \/>\nConcentra\u00e7\u00e3o: 8h45<br \/>\nSa\u00edda: 9h00<br \/>\nRetorno: 12h00<\/p>\n<p><b>Domingos<\/b><br \/>\nConcentra\u00e7\u00e3o: 9h45<br \/>\nSa\u00edda: 10h00<br \/>\nRetorno: 13h00<\/p>\n<p><span style=\"color: #993300;\"><strong>Para reservas de segunda-feira a sexta-feira<\/strong><\/span><br \/>\n<span style=\"color: #993300;\"><strong>consulte pelo whatsapp (13) 99667-4334<\/strong><\/span><\/p>\n<\/div>\n<\/div>\n","protected":false},"excerpt":{"rendered":"<p><strong>Incluso na reserva:<\/strong><br \/>\n\u2714\ufe0e\u00a0Guia Monitor Ambiental<br \/>\n\u2714\ufe0e Seguro Aventura<br \/>\n\u2714\ufe0e Cadastro nos Ingressos Parques<br \/>\n\u2714\ufe0e Banheiro e Ducha<\/p>\n<p><span style=\"color: #993300;\"><strong>Para reservas de segunda-feira a sexta-feira<\/strong><\/span><br \/>\n<span style=\"color: #993300;\"><strong>consulte pelo whatsapp (13) 99667-4334<\/strong><\/span><\/p>\n","protected":false},"featured_media":567,"template":"","meta":{"site-sidebar-layout":"default","site-content-layout":"","ast-site-content-layout":"default","site-content-style":"default","site-sidebar-style":"default","ast-global-header-display":"","ast-banner-title-visibility":"","ast-main-header-display":"","ast-hfb-above-header-display":"","ast-hfb-below-header-display":"","ast-hfb-mobile-header-display":"","site-post-title":"","ast-breadcrumbs-content":"","ast-featured-img":"","footer-sml-layout":"","theme-transparent-header-meta":"default","adv-header-id-meta":"","stick-header-meta":"","header-above-stick-meta":"","header-main-stick-meta":"","header-below-stick-meta":"","astra-migrate-meta-layouts":"set","ast-page-background-enabled":"default","ast-page-background-meta":{"desktop":{"background-color":"var(--ast-global-color-5)","background-image":"","background-repeat":"repeat","background-position":"center center","background-size":"auto","background-attachment":"scroll","background-type":"","background-media":"","overlay-type":"","overlay-color":"","overlay-opacity":"","overlay-gradient":""},"tablet":{"background-color":"","background-image":"","background-repeat":"repeat","background-position":"center center","background-size":"auto","background-attachment":"scroll","background-type":"","background-media":"","overlay-type":"","overlay-color":"","overlay-opacity":"","overlay-gradient":""},"mobile":{"background-color":"","background-image":"","background-repeat":"repeat","background-position":"center center","background-size":"auto","background-attachment":"scroll","background-type":"","background-media":"","overlay-type":"","overlay-color":"","overlay-opacity":"","overlay-gradient":""}},"ast-content-background-meta":{"desktop":{"background-color":"var(--ast-global-color-4)","background-image":"","background-repeat":"repeat","background-position":"center center","background-size":"auto","background-attachment":"scroll","background-type":"","background-media":"","overlay-type":"","overlay-color":"","overlay-opacity":"","overlay-gradient":""},"tablet":{"background-color":"var(--ast-global-color-4)","background-image":"","background-repeat":"repeat","background-position":"center center","background-size":"auto","background-attachment":"scroll","background-type":"","background-media":"","overlay-type":"","overlay-color":"","overlay-opacity":"","overlay-gradient":""},"mobile":{"background-color":"var(--ast-global-color-4)","background-image":"","background-repeat":"repeat","background-position":"center center","background-size":"auto","background-attachment":"scroll","background-type":"","background-media":"","overlay-type":"","overlay-color":"","overlay-opacity":"","overlay-gradient":""}}},"product_brand":[],"product_cat":[17],"product_tag":[],"class_list":{"0":"post-321","1":"product","2":"type-product","3":"status-publish","4":"has-post-thumbnail","6":"product_cat-verao-2026","7":"desktop-align-left","8":"tablet-align-left","9":"mobile-align-left","11":"first","12":"instock","13":"virtual","14":"sold-individually","15":"purchasable","16":"product-type-booking"},"_links":{"self":[{"href":"https:\/\/safeecotour.com.br\/reservas\/wp-json\/wp\/v2\/product\/321","targetHints":{"allow":["GET"]}}],"collection":[{"href":"https:\/\/safeecotour.com.br\/reservas\/wp-json\/wp\/v2\/product"}],"about":[{"href":"https:\/\/safeecotour.com.br\/reservas\/wp-json\/wp\/v2\/types\/product"}],"wp:featuredmedia":[{"embeddable":true,"href":"https:\/\/safeecotour.com.br\/reservas\/wp-json\/wp\/v2\/media\/567"}],"wp:attachment":[{"href":"https:\/\/safeecotour.com.br\/reservas\/wp-json\/wp\/v2\/media?parent=321"}],"wp:term":[{"taxonomy":"product_brand","embeddable":true,"href":"https:\/\/safeecotour.com.br\/reservas\/wp-json\/wp\/v2\/product_brand?post=321"},{"taxonomy":"product_cat","embeddable":true,"href":"https:\/\/safeecotour.com.br\/reservas\/wp-json\/wp\/v2\/product_cat?post=321"},{"taxonomy":"product_tag","embeddable":true,"href":"https:\/\/safeecotour.com.br\/reservas\/wp-json\/wp\/v2\/product_tag?post=321"}],"curies":[{"name":"wp","href":"https:\/\/api.w.org\/{rel}","templated":true}]}}